hat is the tens digit of 75557?
5
What is the thousands digit of 4146?
4
What is the ten thousands digit of 39758?
3
What is the hundreds digit of 4012?
0
What is the hundreds digit of 1021?
0
What is the thousands digit of 72025?
2
What is the hundreds digit of 76896?
8
What is the thousands digit of 1634?
1
What is the units digit of 1854?
4
What is the hundreds digit of 645?
6
What is the hundreds digit of 26848?
8
What is the hundreds digit of 1302?
3
What is the tens digit of 1178?
7
What is the thousands digit of 78588?
8
What is the units digit of 1511?
1
What is the thousands digit of 59651?
9
What is the hundreds digit of 1477?
4
What is the hundreds digit of 3102?
1
What is the hundreds digit of 1666?
6
What is the ten thousands digit of 48380?
4
What is the units digit of 671?
1
What is the hundreds digit of 6194?
1
What is the units digit of 686?
6
What is the units digit of 5324?
4
What is the units digit of 3636?
6
What is the thousands digit of 8022?
8
What is the ten thousands digit of 13525?
1
What is the hundreds digit of 11344?
3
What is the hundreds digit of 7679?
6
What is the hundreds digit of 9991?
9
What is the units digit of 91166?
6
What is the ten thousands digit of 21827?
2
What is the tens digit of 10547?
4
What is the tens digit of 1510?
1
What is the tens digit of 823?
2
What is the tens digit of 210?
1
What is the hundreds digit of 4063?
0
What is the tens digit of 2551?
5
What is the hundreds digit of 762?
7
What is the ten thousands digit of 17326?
1
What is the thousands digit of 14026?
4
What is the thousands digit of 6780?
6
What is the tens digit of 2470?
7
What is the ten thousands digit of 84786?
8
What is the hundreds digit of 3108?
1
What is the units digit of 2155?
5
What is the hundreds digit of 4051?
0
What is the tens digit of 77565?
6
What is the thousands digit of 9630?
9
What is the tens digit of 98?
9
What is the units digit of 2068?
8
What is the tens digit of 119410?
1
What is the hundreds digit of 132569?
5
What is the thousands digit of 8344?
8
What is the thousands digit of 6985?
6
What is the units digit of 5764?
4
What is the hundreds digit of 449?
4
What is the hundreds digit of 1048?
0
What is the hundreds digit of 3504?
5
What is the hundreds digit of 10212?
2
What is the units digit of 377?
7
What is the hundreds digit of 8436?
4
What is the hundreds digit of 179?
1
What is the thousands digit of 7579?
7
What is the thousands digit of 1388?
1
What is the units digit of 43730?
0
What is the tens digit of 81?
8
What is the thousands digit of 68771?
8
What is the ten thousands digit of 19194?
1
What is the tens digit of 131394?
9
What is the thousands digit of 4799?
4
What is the units digit of 453?
3
What is the hundreds digit of 70756?
7
What is the hundreds digit of 11166?
1
What is the hundreds digit of 5144?
1
What is the hundreds digit of 13328?
3
What is the hundreds digit of 4863?
8
What is the hundreds digit of 26949?
9
What is the thousands digit of 1528?
1
What is the units digit of 32991?
1
What is the tens digit of 3911?
1
What is the units digit of 3615?
5
What is the tens digit of 1064?
6
What is the tens digit of 45974?
7
What is the units digit of 1512?
2
What is the tens digit of 18507?
0
What is the tens digit of 110637?
3
What is the hundreds digit of 13625?
6
What is the tens digit of 149366?
6
What is the tens digit of 784?
8
What is the hundreds digit of 223?
2
What is the thousands digit of 10626?
0
What is the tens digit of 1342?
4
What is the units digit of 4326?
6
What is the ten thousands digit of 66273?
6
What is the units digit of 11183?
3
What is the units digit of 8983?
3
What is the units digit of 1036?
6
What is the hundreds digit of 2717?
7
What is the thousands digit of 1932?
1
What is the units digit of 33330?
0
What is the tens digit of 71467?
6
What is the units digit of 8612?
2
What is the units digit of 5368?
8
What is the tens digit of 6745?
4
What is the thousands digit of 3166?
3
What is the hundreds digit of 856?
8
What is the ten thousands digit of 21436?
2
What is the hundreds digit of 1361?
3
What is the units digit of 33008?
8
What is the hundreds digit of 6439?
4
What is the units digit of 405?
5
What is the units digit of 1427?
7
What is the tens digit of 34619?
1
What is the units digit of 4724?
4
What is the units digit of 38313?
3
What is the hundreds digit of 6243?
2
What is the units digit of 1379?
9
What is the hundreds digit of 14051?
0
What is the tens digit of 1699?
9
What is the tens digit of 3592?
9
What is the thousands digit of 39447?
9
What is the tens digit of 406?
0
What is the thousands digit of 1092?
1
What is the hundreds digit of 5726?
7
What is the ten thousands digit of 11867?
1
What is the units digit of 594?
4
What is the tens digit of 46431?
3
What is the units digit of 1347?
7
What is the hundreds digit of 6040?
0
What is the hundreds digit of 40511?
5
What is the units digit of 92049?
9
What is the units digit of 98276?
6
What is the units digit of 3247?
7
What is the units digit of 449?
9
What is the tens digit of 26129?
2
What is the hundreds digit of 2940?
9
What is the tens digit of 1911?
1
What is the ten thousands digit of 25785?
2
What is the thousands digit of 59890?
9
What is the units digit of 1509?
9
What is the hundreds digit of 3374?
3
What is the tens digit of 2767?
6
What is the units digit of 320?
0
What is the hundreds digit of 1418?
4
What is the units digit of 601?
1
What is the units digit of 18351?
1
What is the ten thousands digit of 23587?
2
What is the units digit of 35178?
8
What is the thousands digit of 46945?
6
What is the thousands digit of 25926?
5
What is the units digit of 1162?
2
What is the hundreds digit of 560?
5
What is the tens digit of 49460?
6
What is the hundreds digit of 9553?
5
What is the hundreds digit of 62504?
5
What is the units digit of 31185?
5
What is the tens digit of 17952?
5
What is the tens digit of 5160?
6
What is the units digit of 29148?
8
What is the hundreds digit of 63128?
1
What is the units digit of 14846?
6
What is the thousands digit of 4213?
4
What is the units digit of 96?
6
What is the ten thousands digit of 17376?
1
What is the tens digit of 1010?
1
What is the hundreds digit of 823?
8
What is the tens digit of 88637?
3
What is the tens digit of 118?
1
What is the thousands digit of 6848?
6
What is the thousands digit of 84870?
4
What is the tens digit of 9696?
9
What is the thousands digit of 7482?
7
What is the hundreds digit of 4634?
6
What is the hundreds digit of 5050?
0
What is the tens digit of 5582?
8
What is the tens digit of 3442?
4
What is the tens digit of 1165?
6
What is the thousands digit of 5802?
5
What is the hundreds digit of 6968?
9
What is the thousands digit of 12466?
2
What is the thousands digit of 133236?
3
What is the thousands digit of 1594?
1
What is the ten thousands digit of 107497?
0
What is the thousands digit of 41851?
1
What is the tens digit of 52307?
0
What is the hundreds digit of 379?
3
What is the units digit of 244?
4
What is the hundreds digit of 1214?
2
What is the thousands digit of 7901?
7
What is the units digit of 100702?
2
What is the hundreds digit of 798?
7
What is the tens digit of 58326?
2
What is the hundreds digit of 593?
5
What is the hundreds digit of 3329?
3
What is the ten thousands digit of 142931?
4
What is the thousands digit of 3593?
3
What is the units digit of 148137?
7
What is the tens digit of 20086?
8
What is the tens digit of 9782?
8
What is the ten thousands digit of 31203?
3
What is the units digit of 45564?
4
What is the units digit of 45328?
8
What is the hundreds digit of 862?
8
What is the tens digit of 215?
1
What is the hundreds digit of 793?
7
What is the tens digit of 8136?
3
What is the thousands digit of 10101?
0
What is the tens digit of 6261?
6
What is the tens digit of 3774?
7
What is the units digit of 3391?
1
What is the units digit of 131275?
5
What is the units digit of 12758?
8
What is the tens digit of 334?
3
What is the thousands digit of 6567?
6
What is the units digit of 557?
7
What is the tens digit of 84077?
7
What is the units digit of 33536?
6
What is the tens digit of 9090?
9
What is the units digit of 1937?
7
What is the hundreds digit of 1119